10
-37172
What is 4903 (base 11) in base 15?
1d7b
10010011010 (base 2) to base 11
981
What is -d3 (base 14) in base 5?
-1220
Convert 101001 (base 2) to base 15.
2b
What is -18a (base 16) in base 8?
-612
-2b54 (base 12) to base 13
-2428
-1010100101001 (base 2) to base 14
-1d8d
-1847 (base 9) to base 3
-1221121
What is -110545 (base 7) in base 6?
-230114
-12012 (base 3) to base 11
-118
What is 30210 (base 5) in base 8?
3612
24a21 (base 11) to base 5
2121324
What is 121012110 (base 3) in base 5?
334221
Convert -1136 (base 10) to base 15.
-50b
13525 (base 8) to base 16
1755
Convert 33064 (base 9) to base 5.
1200203
244 (base 7) to base 12
aa
-490 (base 16) to base 12
-814
c21 (base 16) to base 3
11021000
What is -1105 (base 6) in base 5?
-2012
Convert 1b20 (base 15) to base 3.
22001210
Convert 3342 (base 5) to base 15.
217
What is -85 (base 16) in base 3?
-11221
Convert -1012010100 (base 3) to base 9.
-35110
Convert -13b50 (base 12) to base 11.
-19789
Convert -144 (base 5) to base 9.
-54
Convert -9652 (base 12) to base 11.
-11420
Convert -131131 (base 4) to base 15.
-85a
What is 4000 (base 9) in base 3?
11000000
3a6 (base 15) to base 5
11311
-10143 (base 5) to base 14
-361
-22021220 (base 4) to base 10
-41576
Convert 278c (base 13) to base 6.
42205
Convert -371 (base 11) to base 6.
-2013
-12200 (base 4) to base 8
-640
-192 (base 12) to base 7
-512
What is -1b4a (base 14) in base 11?
-3805
Convert -6248 (base 14) to base 12.
-9960
What is -11101111 (base 2) in base 5?
-1424
Convert -3682 (base 14) to base 4.
-2110302
Convert d3b (base 15) to base 13.
1484
What is -1091 (base 12) in base 16?
-72d
Convert -29471 (base 11) to base 13.
-16062
51 (base 10) to base 9
56
Convert -14561 (base 8) to base 5.
-202023
What is 50a (base 13) in base 5?
11410
Convert 388 (base 9) to base 6.
1255
Convert -30203 (base 5) to base 4.
-132020
Convert 4241 (base 6) to base 9.
1277
What is -29 (base 15) in base 10?
-39
Convert -7545 (base 9) to base 4.
-1112231
Convert 21516 (base 8) to base 9.
13352
What is -8193 (base 13) in base 16?
-45c9
What is -197 (base 15) in base 12?
-267
Convert 11101101000 (base 2) to base 15.
866
What is -5743 (base 8) in base 5?
-44133
-6001 (base 8) to base 9
-4184
Convert 150431 (base 7) to base 6.
342222
What is 241535 (base 6) in base 14?
79d1
What is 3c6 (base 16) in base 6?
4250
What is -5653 (base 8) in base 7?
-11465
12633 (base 8) to base 13
2696
What is -171 (base 13) in base 4?
-10011
Convert 1278 (base 9) to base 14.
4ca
-1d63 (base 15) to base 4
-1203321
What is 52106 (base 8) in base 2?
101010001000110
Convert 41236 (base 7) to base 14.
3956
Convert -22211 (base 3) to base 9.
-284
What is -134411 (base 6) in base 4?
-3012013
What is -21d8 (base 14) in base 5?
-141444
Convert -234 (base 5) to base 13.
-54
Convert -238 (base 11) to base 6.
-1151
What is -9a3 (base 12) in base 3?
-1221120
What is -2063 (base 7) in base 16?
-2db
-1011020121 (base 3) to base 11
-16127
Convert -204215 (base 6) to base 15.
-4d4e
Convert -15c2 (base 14) to base 7.
-14232
Convert 2a0 (base 13) to base 11.
396
12221202 (base 3) to base 10
4340
What is -25756 (base 9) in base 4?
-10033221
Convert 113223 (base 4) to base 10.
1515
What is -6454 (base 9) in base 2?
-1001010001011
What is 3110101 (base 5) in base 14?
1465d
What is 47062 (base 8) in base 4?
10320302
-224313 (base 5) to base 2
-1111110010011
Convert -1091 (base 13) to base 16.
-90b
Convert -23301231 (base 4) to base 5.
-3020422
What is 1540 (base 7) in base 8?
1150
What is -644 (base 8) in base 7?
-1140
What is -7a1 (base 16) in base 4?
-132201
-a827 (base 14) to base 10
-29043
Convert -113132 (base 8) to base 12.
-1a336
What is 20222 (base 4) in base 7?
1421
What is b4b9 (base 12) in base 14?
728d
b7 (base 15) to base 2
10101100
212010 (base 3) to base 16
270
60b6 (base 14) to base 13
774a
-9ba (base 16) to base 10
-2490
-1b19 (base 12) to base 2
-110100000101
What is 637 (base 8) in base 4?
12133
772 (base 9) to base 5
10012
Convert -12010101 (base 3) to base 6.
-25144
c3b (base 15) to base 9
3702
3bc4 (base 14) to base 2
10100101000000
What is 254 (base 9) in base 8?
323
Convert 1637 (base 14) to base 2.
111110000001
Convert -23132 (base 6) to base 16.
-ce0
Convert 67564 (base 9) to base 10.
44932
1c38 (base 14) to base 11
3959
-4902 (base 15) to base 12
-8b9b
What is -3404041 (base 5) in base 3?
-10001011101
What is 254 (base 8) in base 11?
147
163b9 (base 13) to base 2
1010010110100010
-225 (base 13) to base 14
-1c5
What is -10203 (base 4) in base 3?
-101210
What is 360 (base 9) in base 4?
10221
171 (base 16) to base 14
1c5
-1000000111100 (base 2) to base 8
-10074
Convert -1c1 (base 14) to base 2.
-101101101
48 (base 11) to base 7
103
1310 (base 4) to base 7
224
-2dda (base 14) to base 6
-102032
What is 117202 (base 8) in base 15?
c053
What is -22613 (base 10) in base 13?
-a3a6
-11010200 (base 3) to base 9
-4120
-5331 (base 6) to base 4
-102313
Convert -30320 (base 4) to base 13.
-4b5
1001102000 (base 3) to base 8
50345
-300101 (base 5) to base 3
-110220012
Convert -22552 (base 7) to base 10.
-5770
What is 106653 (base 7) in base 5?
1103242
122122 (base 3) to base 12
338
What is 51644 (base 8) in base 5?
1141122
Convert 710 (base 8) to base 11.
385
Convert -142241 (base 5) to base 13.
-2925
What is 2231 (base 13) in base 14?
1a4c
-117 (base 14) to base 12
-161
Convert -1022 (base 4) to base 14.
-54
1404 (base 6) to base 2
101101100
Convert 4227 (base 8) to base 7.
6261
Convert 405155 (base 6) to base 4.
13313333
-240 (base 12) to base 13
-1cb
What is -40d (base 15) in base 12?
-641
1633 (base 7) to base 6
3021
What is 2322031 (base 4) in base 7?
46513
Convert -12043 (base 11) to base 15.
-521a
Convert -92 (base 11) to base 8.
-145
Convert -112101112 (base 3) to base 10.
-10490
What is 1001000100100000 (base 2) in base 10?
37152
Convert 419f (base 16) to base 10.
16799
Convert 110011111 (base 2) to base 9.
511
-b31 (base 13) to base 8
-3553
What is a785 (base 12) in base 11?
128a8
What is 211012 (base 3) in base 6?
2435
7607 (base 10) to base 5
220412
What is 677 (base 13) in base 11?
921
Convert -2383 (base 11) to base 9.
-4242
What is 727 (base 9) in base 8?
1120
Convert -2423 (base 7) to base 4.
-32003
Convert -20541 (base 6) to base 4.
-223231
Convert 25562 (base 10) to base 2.
110001111011010
-150113 (base 6) to base 3
-201121200
Convert -32135 (base 8) to base 11.
-a087
What is 7b2 (base 14) in base 3?
2002121
What is -6066 (base 9) in base 13?
-2031
What is c69d (base 16) in base 6?
1031221
1111 (base 2) to base 12
13
-d5 (base 15) to base 11
-172
Convert 30ba (base 14) to base 3.
102111222
What is 4710 (base 9) in base 5?
102432
-14 (base 11) to base 13
-12
Convert -a565 (base 13) to base 14.
-84b8
What is -121 (base 6) in base 4?
-301
Convert -85 (base 11) to base 13.
-72
-3134 (base 8) to base 14
-844
Convert 11220 (base 5) to base 4.
30222
Convert -14331 (base 6) to base 13.
-106c
What is 1681 (base 10) in base 12?
b81
What is -202a (base 13) in base 14?
-1886
Convert -10011111100 (base 2) to base 3.
-1202021
-877 (base 12) to base 10
-1243
Convert 4112 (base 5) to base 8.
1024
What is 1221232 (base 4) in base 7?
25504
33771 (base 9) to base 6
252101
25060 (base 10) to base 5
1300220
What is -104343 (base 5) in base 13?
-1905
What is -333420 (base 6) in base 5?
-1344040
What is 629 (base 10) in base 9?
768
Convert -16b (base 16) to base 10.
-363
What is 1233 (base 7) in base 2?
111010001
-3242 (base 11) to base 6
-31453
Convert -1021310 (base 4) to base 14.
-1a16
What is -138 (base 16) in base 3?
-102120
What is -49a (base 15) in base 4?
-100111
-42628 (base 10) to base 2
-1010011010000100
Convert 1265 (base 8) to base 4.
22311
What is -13735 (base 13) in base 12?
-19077
Convert 101000000 (base 2) to base 14.
18c
Convert 2bb (base 13) to base 3.
200020
176 (base 16) to base 11
310
What is 3513 (base 7) in base 6?
5540
-33 (base 13) to base 3
-1120
Convert 130 (base 9) to base 14.
7a
Convert 7e2 (base 15) to base 3.
2110012
What is 62677 (base 8) in base 11?
1862a
-21220 (base 3) to base 9
-256
Convert 444 (base 8) to base 4.
10210
-150 (base 15) to base 11
-253
Convert -146 (base 13) to base 8.
-343
What is 100111110101111 (base 2) in base 14?
7611
36b (base 13) to base 3
2